{"id":786,"date":"2016-02-04T13:16:44","date_gmt":"2016-02-04T11:16:44","guid":{"rendered":"http:\/\/www.hankasalmenkotiseutuyhdistys.fi\/?page_id=786"},"modified":"2026-04-01T09:44:18","modified_gmt":"2026-04-01T06:44:18","slug":"tapahtumia-ja-uutisia","status":"publish","type":"page","link":"https:\/\/www.hankasalmenkotiseutuyhdistys.fi\/","title":{"rendered":"Tapahtumia ja uutisia"},"content":{"rendered":"\n<p><\/p>\n\n\n\n<p><\/p>\n\n\n\n<p><\/p>\n\n\n\n<p><\/p>\n\n\n\n<h2 class=\"wp-block-heading\"><\/h2>\n\n\n\n<h2 class=\"wp-block-heading\"><\/h2>\n\n\n\n<p><\/p>\n\n\n\n<p><\/p>\n\n\n\n<p><\/p>\n\n\n\n<p><\/p>\n\n\n\n<p>Kotiseutuyhdistyksen uusi hallitus: puheenjohtaja Maija-Riitta Anttila,puh. 0452325978, varapuheenjohtaja Olavi Puttonen, sihteeri Jari Aho, tiedottaja ja arkistovastaava Riikka Pietil\u00e4inen, j\u00e4senasiat Marjo Pihlaja, kiinteist\u00f6jen hoito ja penkkivuokraus-\/ lainauskyselyt Pekka Peltokorpi, puhelin 0504619599, rahastohoitaja Raimo Hyv\u00e4rinen. <\/p>\n\n\n\n<p>Hallan tuvan vuokraus: tiedustelut puheenjohtajalta p. 0452325978 tai posti@hankasalmenkotiseutuyhdistys.fi<\/p>\n\n\n\n<p><strong>Museokyl\u00e4 on kes\u00e4kauden ulkopuolella avoinna ryhmille sopimuksen mukaan posti@hankasalmenkotiseutuyhdistys.fi, puh. 0452325978<\/strong>.<\/p>\n\n\n\n<p><strong>Hankasalmen kotiseutuyhdistys Suomen Kotiseutuliiton valitsema vuoden kotiseutuyhdistys 2020. El\u00e4v\u00e4 museokyl\u00e4 -toiminta on Kotiseutuliiton 75-juhlavuoden 2024 maakunnallinen kotiseututeko Keski-Suomessa.<\/strong><\/p>\n\n\n\n<p>Saimme Leader Maaseutukehityksen kautta EU:n maaseuturahoitusta museorakennusten kattoremontteihin. Tavoitteena s\u00e4ilytt\u00e4\u00e4 rakennukset tuleville sukupolville ja yll\u00e4pit\u00e4\u00e4 alueen kulttuuriperint\u00f6\u00e4. Koskee rakennuksia savutupa, tuulimylly, hiilikoppeli ja paja. <\/p>\n\n\n\n<p>Museokyl\u00e4n tarvehankintoja varten saimme Leader Maaseutukehityksen kautta EU:n maaseuturahoitusta pienhankkeeseen, jolla t\u00e4ydennet\u00e4\u00e4n kiinteist\u00f6jen huoltoon sek\u00e4 keitti\u00f6n toimintaan tarvittavaa v\u00e4lineist\u00f6\u00e4.<\/p>\n\n\n\n<p>Mennytt\u00e4 tallentamassa, yhteisty\u00f6ss\u00e4 kansalaisopiston kanssa. Perinnepiiri kokoontuu joka toinen keskiviiikko. Ohjaajana Antti Ikonen, paikallishistorian asiantuntija, jolla on vankka kokemus historiankirjoituksen aineistoty\u00f6st\u00e4 sek\u00e4 paikallishistoriallisten julkaisujen kirjoittamisesta.<\/p>\n\n\n\n<p><strong>Hankasalmen naisen kansallispuku on 90-vuotias. Se julkistettiin suurilla heimojuhlilla 1935 kirkonkyl\u00e4<\/strong>ss\u00e4. 2006 Suomen kansallispukuraati tarkisti puvun, siin\u00e4 hankkeessa tutkittiin puvun alkuper\u00e4aineisto ja langoista ja niiden v\u00e4rj\u00e4\u00e4misest\u00e4 saakka valmistettiin uudet mallipuvut. Vuoden 2026 aikana tullaan j\u00e4rjest\u00e4m\u00e4\u00e4n erillinen tilaisuus kansallispukuun liittyen.<\/p>\n\n\n\n<p>Hyv\u00e4\u00e4 ja antoisaa uutta vuotta ja rauhaa kaikille kotiseuduille. Kotiseutuyhdistys kiitt\u00e4\u00e4 kaikkia yhteisty\u00f6kumppaneitaan, talkoolaisia ja Hallan tuvassa ja museokyl\u00e4n ja tapahtumien vierailijoita. Vuoden mittaan museokyl\u00e4- ja tapahtumavierailioita oli noin 6000. Kaikkia kouluvierailuja ei ole luvussa mukana.<\/p>\n\n\n\n<p><strong>Tulevia tapahtumia:<\/strong><\/p>\n\n\n\n<p>To 2.4. klo 18 Hankasalmen jazzklubi: Teija Niku &amp; Juha Kujanp\u00e4\u00e4. Liput 15\/10 \u20ac, v\u00e4liajalla kotiseutuyhdistyksen kahvitarjoilu. Yhteisty\u00f6ss\u00e4 JazzJKL ja Hankasalmen kunta.<\/p>\n\n\n\n<p> La 4.4. Hallan tuvan leip\u00e4p\u00e4iv\u00e4. Ruisleip\u00e4\u00e4, suorarieskaa, Yrj\u00f6n talon juhlarieskaa ja vesirinkeleit\u00e4. Leipomokahvila klo 12, lounaalla perunavelli\u00e4 ja l\u00e4mpim\u00e4isi\u00e4, leipomusten myynti alkaa klo 13. Tule mukaan leipomaan klo 8 alkaen, ilmoittautumiset 0405764250<\/p>\n\n\n\n<hr class=\"wp-block-separator has-alpha-channel-opacity\"\/>\n\n\n<div class=\"efbl_feed_wraper efbl_skin_2070\" >\n\n\t\n\t<div class=\"efbl_feeds_holder efbl_feeds_halfwidth  \t\"  \t\t\tdata-template=\"halfwidth\">\n\t\t\n<div class=\"efbl-halfwidth-skin added_photos efbl-story-wrapper\">\n\t<div class=\"efbl-thumbnail-wrapper\">\n\t\t<div class=\"efbl-row efbl-content-wrapper\">\n\n\t\t\t\n\n\t\t\t\t<div class=\"efbl-thumbnail-col efbl-col-sm-6\">\n\n\t\t\t\t\t\n\t\t\t\t\t\t<a href=\"https:\/\/www.hankasalmenkotiseutuyhdistys.fi\/wp-admin\/admin-ajax.php?action=efbl_generate_popup_html\" data-imagelink=https:\/\/www.hankasalmenkotiseutuyhdistys.fi\/wp-content\/uploads\/esf-facebook\/103552849989536_1455818143003755.jpg\t\t\t\t\t\t\tdata-storylink=\"https:\/\/www.facebook.com\/103552849989536_1455818143003755\"\n\t\t\t\t\t\t\tdata-linktext=\"Read full story\"\n\t\t\t\t\t\t\tdata-caption=\"Lankalauantain leip\u00e4p\u00e4iv\u00e4 t\u00e4ytti Hallan tuvan. Leipomokahvilan lounaalla oli kotoisaa perunavelli\u00e4 lisukkeineen ja kahvin kanssa rahkapiirakkaa. Leipurit taikoivat uunista ulos ruisleip\u00e4\u00e4, hiivaleip\u00e4\u00e4, Yrj\u00f6n talon juhlarieskaa, suoraarieskaa,\"\n\t\t\t\t\t\t\tdata-itemnumber=\"1\"\n\t\t\t\t\t\t\tclass=\"efbl_feed_popup  efbl-cff-item_number-1\">\n\t\t\t\t\t\t\t<img decoding=\"async\" src=\"https:\/\/www.hankasalmenkotiseutuyhdistys.fi\/wp-content\/uploads\/esf-facebook\/103552849989536_1455818143003755.jpg\"\n\t\t\t\t\t\t\t\tclass=\"img-responsive \"\n\t\t\t\t\t\t\t\t\t\t\t\t\t\t\t\talt=\"Hankasalmen Museokyl\u00e4\"\/>\n\t\t\t\t\t\t\t<div class=\"efbl-overlay\">\n\n\n\t\t\t\t\t\t\t\t\n\t\t\t\t\t\t\t\t\t<i class=\"icon icon-esf-plus efbl-plus\"\n\t\t\t\t\t\t\t\t\t\taria-hidden=\"true\"><\/i>\n\n\t\t\t\t\t\t\t\t\t\t\t\t\t\t\t\t\t\t\t\t\t\t\t\t\t<i class=\"icon icon-esf-clone efbl_multimedia\"\n\t\t\t\t\t\t\t\t\t\taria-hidden=\"true\"><\/i>\n\t\t\t\t\t\t\t\t\t\t\t\t\t\t\t<\/div>\n\t\t\t\t\t\t<\/a>\n\n\t\t\t\t\t\n\n\t\t\t\t<\/div>\n\n\t\t\t\t<div class=\"efbl-feed-content efbl-col-sm-6 \">\n\n\t\t\t\t\t\n\t\t\t\t\t\t<div class=\"efbl-d-flex\">\n\n\t\t\t\t\t\t\t\n\t\t\t\t\t\t\t\t<div class=\"efbl-profile-image\">\n\t\t\t\t\t\t\t\t\t<a href=\"https:\/\/facebook.com\/103552849989536\"\n\t\t\t\t\t\t\t\t\t\ttitle=\"\"\n\t\t\t\t\t\t\t\t\t\trel=\"nofollow\"\n\t\t\t\t\t\t\t\t\t\ttarget=\"_blank\">\n\t\t\t\t\t\t\t\t\t\t<img alt=\"\"\n\t\t\t\t\t\t\t\t\t\t\tsrc=\"https:\/\/scontent-hel3-1.xx.fbcdn.net\/v\/t39.30808-1\/305400387_569755128276732_2324056612581488187_n.jpg?stp=c147.0.556.556a_dst-jpg_s200x200_tt6&#038;_nc_cat=106&#038;ccb=1-7&#038;_nc_sid=f907e8&#038;_nc_ohc=_quaT4vPCAsQ7kNvwF9puUN&#038;_nc_oc=AdoXWqm07hm7nSnqs_4qzzdScPzXfSUrRGrSOfCqO2SIeibiFuJ5235HEOUIF6ydSUk&#038;_nc_zt=24&#038;_nc_ht=scontent-hel3-1.xx&#038;edm=AOf6bZoEAAAA&#038;_nc_gid=4qtGkg5oPQrsWF89CP6VRg&#038;_nc_tpa=Q5bMBQHVPg5OJ2Zno7FWMc2EdVQB9Gp8xrF3WdQnXMJBnSW1-bskioIAxwGVQ74gFUs7gJN_aW7CSvoN&#038;oh=00_Af1qhoAgn4JDJfe--WCbdkrivuLtrz65H3vEiqxq_SbhaQ&#038;oe=69D895A6\"\/><\/a>\n\t\t\t\t\t\t\t\t<\/div>\n\n\t\t\t\t\t\t\t\n\t\t\t\t\t\t\t<div class=\"efbl-profile-title\">\n\t\t\t\t\t\t\t\t<div class=\"efbl-profile-title-wrap \">\n\t\t\t\t\t\t\t\t\t<h2>Hankasalmen Museokyl\u00e4\t\t\t\t\t\t\t\t\t\t\t\t\t\t\t\t\t\t\t\t<span class=\"efbl-profile-story-text\"> <\/span>\n\t\t\t\t\t\t\t\t\t<\/h2>\n\t\t\t\t\t\t\t\t<\/div>\n\t\t\t\t\t\t\t\t<span>1 day 8 hours ago<\/span>\n\t\t\t\t\t\t\t<\/div>\n\t\t\t\t\t\t<\/div>\n\n\t\t\t\t\t\n\n\t\t\t\t\t\n\n\t\t\t\t\t\n\t\t\t\t\t\t\t\t\t\t\t\t\t<p class=\"description\">\n\t\t\t\t\t\t\t\t<span class=\"efbl-description-wrap\">Lankalauantain leip\u00e4p\u00e4iv\u00e4 t\u00e4ytti Hallan tuvan. Leipomokahvilan lounaalla oli kotoisaa perunavelli\u00e4 lisukkeineen ja kahvin kanssa rahkapiirakkaa. Leipurit taikoivat uunista ulos ruisleip\u00e4\u00e4, hiivaleip\u00e4\u00e4, Yrj\u00f6n talon juhlarieskaa, suoraarieskaa,<\/span>\n\n\n\t\t\t\t\t\t\t\t\n\n\t\t\t\t\t\t\t<\/p>\n\n\t\t\t\t\t\t\n\t\t\t\t\t\n\t\t\t\t\t\n\t\t\t\t<\/div>\n\t\t\t\t\t\t<\/div>\n\n\t\t\t<div class=\"efbl-post-footer\">\n\n\n\t\t<div class=\"efbl-d-flex efbl-justify-content-between\">\n\t\t\t\t\t\t\t<div class=\"efbl-reacted efbl-d-flex efbl-align-items-center\">\n\n\t\t\t\t\t\n\t\t\t\t\t\t\n\t\t\t\t\t\t\t<div class=\"efbl-reacted-item emotis \" >\n\n\t\t\t\t\t\t\t\t\t\t\t\t\t\t\t\t\t<i class=\"icon icon-esf-thumbs-o-up\"><\/i>\n\t\t\t\t\t\t\t\t\n\t\t\t\t\t\t\t\t\t\t\t\t\t\t\t\t57\t\t\t\t\t\t\t<\/div>\n\t\t\t\t\t\t\t\n\n\n\t\t\t\t\t\t\t\t\t\t\t<div class=\"efbl-reacted-item\">\n\n\t\t\t\t\t\t\t\n\t\t\t\t\t\t\t\t<i class=\"icon icon-esf-comment-o\"><\/i>3\n\t\t\t\t\t\t\t\t\n\t\t\t\t\t\t<\/div>\n\t\t\t\t\t\n\t\t\t\t\t\t\t\n\n\t\t\t\t<\/div>\n\t\t\t\n\n\n\t\t\t<div class=\"efbl-view-share efbl-d-flex efbl-justify-content-between efbl-align-items-center efbl-mb-1 efbl-mt-1\">\n\n\t\t\t\t\n\t\t\t\t\t<a href=\"https:\/\/www.facebook.com\/103552849989536_1455818143003755\"\n\t\t\t\t\t   target=\"_blank\"\n\t\t\t\t\t   rel=\"nofollow\"\n\t\t\t\t\t   class=\"efbl-view-on-fb no-anchor-style link efbl-mr-1\">View on Facebook<\/a>\n\n\t\t\t\t\n\t\t\t\t\n\t\t\t\t\t<div class=\"esf-share-wrapper\">\n\t\t\t\t\t\t<a href=\"#\" class=\"no-anchor-style link esf-share\">Share<\/a>\n\t\t\t\t\t\t<div class=\"esf-social-share\">\n\t\t\t\t\t\t\t<button>\n\t\t\t\t\t\t\t\t<a class=\"efbl_facebook\"\n\t\t\t\t\t\t\t\t   href=\"https:\/\/www.facebook.com\/sharer\/sharer.php?u=https:\/\/www.facebook.com\/103552849989536_1455818143003755\"\n\t\t\t\t\t\t\t\t   rel=\"nofollow\"\n\t\t\t\t\t\t\t\t   target=\"_blank\">\n\t\t\t\t\t\t\t\t\t<i class=\"icon icon-esf-facebook\"><\/i>\n\t\t\t\t\t\t\t\t<\/a>\n\t\t\t\t\t\t\t<\/button>\n\n\t\t\t\t\t\t\t<button>\n\t\t\t\t\t\t\t\t<a class=\"efbl_twitter\"\n\t\t\t\t\t\t\t\t   href=\"https:\/\/twitter.com\/intent\/tweet?text=https:\/\/www.facebook.com\/103552849989536_1455818143003755\"\n\t\t\t\t\t\t\t\t   rel=\"nofollow\"\n\t\t\t\t\t\t\t\t   target=\"_blank\">\n\t\t\t\t\t\t\t\t\t<i class=\"icon icon-esf-twitter\"><\/i>\n\t\t\t\t\t\t\t\t<\/a>\n\t\t\t\t\t\t\t<\/button>\n\n\t\t\t\t\t\t\t<button>\n\t\t\t\t\t\t\t\t<a class=\"efbl_linked_in\"\n\t\t\t\t\t\t\t\t   href=\"https:\/\/www.linkedin.com\/shareArticle?mini=true&url=https:\/\/www.facebook.com\/103552849989536_1455818143003755\"\n\t\t\t\t\t\t\t\t   rel=\"nofollow\"\n\t\t\t\t\t\t\t\t   target=\"_blank\">\n\t\t\t\t\t\t\t\t\t<i class=\"icon icon-esf-linkedin\"><\/i>\n\t\t\t\t\t\t\t\t<\/a>\n\t\t\t\t\t\t\t<\/button>\n\t\t\t\t\t\t<\/div>\n\t\t\t\t\t<\/div>\n\t\t\t\t\n\t\t\t<\/div>\n\n\t\t<\/div>\n\n\n\t<\/div>\n\n\n\t<\/div>\n\n<\/div>\n\n\t\t\t<\/div>\n\t\t\t\n\t\t<\/div>\n\n\n\n        <div\n            class=\"spotlight-instagram-feed\"\n            data-feed-var=\"e3d2781a\"\n            data-analytics=\"0\"\n            data-instance=\"786\"\n        >\n        <\/div>\n        <input type=\"hidden\" id=\"sli__f__e3d2781a\" data-json='{&quot;useCase&quot;:&quot;accounts&quot;,&quot;template&quot;:null,&quot;layout&quot;:null,&quot;numColumns&quot;:{&quot;desktop&quot;:3},&quot;highlightFreq&quot;:{&quot;desktop&quot;:7},&quot;sliderNumScrollPosts&quot;:{&quot;desktop&quot;:1},&quot;sliderInfinite&quot;:true,&quot;sliderLoop&quot;:false,&quot;sliderArrowPos&quot;:{&quot;desktop&quot;:&quot;inside&quot;},&quot;sliderArrowSize&quot;:{&quot;desktop&quot;:20},&quot;sliderArrowColor&quot;:{&quot;r&quot;:255,&quot;b&quot;:255,&quot;g&quot;:255,&quot;a&quot;:1},&quot;sliderArrowBgColor&quot;:{&quot;r&quot;:0,&quot;b&quot;:0,&quot;g&quot;:0,&quot;a&quot;:0.8},&quot;sliderAutoScroll&quot;:false,&quot;sliderAutoInterval&quot;:3,&quot;postOrder&quot;:&quot;date_desc&quot;,&quot;numPosts&quot;:{&quot;desktop&quot;:6},&quot;linkBehavior&quot;:{&quot;desktop&quot;:&quot;lightbox&quot;},&quot;feedWidth&quot;:{&quot;desktop&quot;:0},&quot;feedHeight&quot;:{&quot;desktop&quot;:0},&quot;feedPadding&quot;:{&quot;desktop&quot;:20,&quot;tablet&quot;:14,&quot;phone&quot;:10},&quot;imgPadding&quot;:{&quot;desktop&quot;:10,&quot;tablet&quot;:10,&quot;phone&quot;:6},&quot;textSize&quot;:{&quot;desktop&quot;:0,&quot;tablet&quot;:0,&quot;phone&quot;:0},&quot;bgColor&quot;:{&quot;r&quot;:255,&quot;g&quot;:255,&quot;b&quot;:255,&quot;a&quot;:1},&quot;hoverInfo&quot;:[&quot;likes_comments&quot;,&quot;insta_link&quot;],&quot;textColorHover&quot;:{&quot;r&quot;:255,&quot;g&quot;:255,&quot;b&quot;:255,&quot;a&quot;:1},&quot;bgColorHover&quot;:{&quot;r&quot;:0,&quot;g&quot;:0,&quot;b&quot;:0,&quot;a&quot;:0.5},&quot;showHeader&quot;:{&quot;desktop&quot;:true},&quot;headerInfo&quot;:{&quot;desktop&quot;:[&quot;profile_pic&quot;,&quot;bio&quot;]},&quot;headerAccount&quot;:null,&quot;headerStyle&quot;:{&quot;desktop&quot;:&quot;normal&quot;},&quot;headerTextSize&quot;:{&quot;desktop&quot;:0},&quot;headerPhotoSize&quot;:{&quot;desktop&quot;:50},&quot;headerTextColor&quot;:{&quot;r&quot;:0,&quot;g&quot;:0,&quot;b&quot;:0,&quot;a&quot;:1},&quot;headerBgColor&quot;:{&quot;r&quot;:255,&quot;g&quot;:255,&quot;b&quot;:255,&quot;a&quot;:1},&quot;headerPadding&quot;:{&quot;desktop&quot;:5,&quot;phone&quot;:0},&quot;customProfilePic&quot;:&quot;&quot;,&quot;customBioText&quot;:&quot;&quot;,&quot;includeStories&quot;:false,&quot;storiesInterval&quot;:5,&quot;showCaptions&quot;:{&quot;desktop&quot;:false},&quot;captionMaxLength&quot;:{&quot;desktop&quot;:0},&quot;captionRemoveDots&quot;:false,&quot;captionSize&quot;:{&quot;desktop&quot;:0},&quot;captionColor&quot;:{&quot;r&quot;:0,&quot;g&quot;:0,&quot;b&quot;:0,&quot;a&quot;:1},&quot;showLikes&quot;:{&quot;desktop&quot;:false},&quot;showComments&quot;:{&quot;desktop&quot;:false},&quot;lcIconSize&quot;:{&quot;desktop&quot;:14},&quot;likesIconColor&quot;:{&quot;r&quot;:0,&quot;g&quot;:0,&quot;b&quot;:0,&quot;a&quot;:1},&quot;commentsIconColor&quot;:{&quot;r&quot;:0,&quot;g&quot;:0,&quot;b&quot;:0,&quot;a&quot;:1},&quot;lightboxShowSidebar&quot;:false,&quot;lightboxCtaStyle&quot;:&quot;link&quot;,&quot;lightboxCtaDesign&quot;:{&quot;text&quot;:{&quot;color&quot;:{&quot;r&quot;:0,&quot;g&quot;:0,&quot;b&quot;:0,&quot;a&quot;:1},&quot;align&quot;:&quot;center&quot;},&quot;bgColor&quot;:{&quot;r&quot;:230,&quot;g&quot;:230,&quot;b&quot;:230,&quot;a&quot;:1},&quot;border&quot;:{&quot;radius&quot;:3}},&quot;numLightboxComments&quot;:50,&quot;showLoadMoreBtn&quot;:{&quot;desktop&quot;:false},&quot;loadMoreBtnDesign&quot;:{&quot;text&quot;:{&quot;color&quot;:{&quot;r&quot;:255,&quot;g&quot;:255,&quot;b&quot;:255,&quot;a&quot;:1},&quot;align&quot;:&quot;center&quot;},&quot;border&quot;:{&quot;radius&quot;:3},&quot;bgColor&quot;:{&quot;r&quot;:220,&quot;g&quot;:84,&quot;b&quot;:4,&quot;a&quot;:1},&quot;margin&quot;:{&quot;top&quot;:0,&quot;bottom&quot;:0,&quot;left&quot;:0,&quot;right&quot;:0}},&quot;loadMoreBtnText&quot;:&quot;Lis\\u00e4\\u00e4 kuvia&quot;,&quot;loadMoreBtnScroll&quot;:true,&quot;autoload&quot;:false,&quot;showFollowBtn&quot;:{&quot;desktop&quot;:true},&quot;followBtnText&quot;:&quot;Seuraa Instagramissa&quot;,&quot;followBtnDesign&quot;:{&quot;text&quot;:{&quot;color&quot;:{&quot;r&quot;:255,&quot;g&quot;:255,&quot;b&quot;:255,&quot;a&quot;:1},&quot;align&quot;:&quot;center&quot;},&quot;border&quot;:{&quot;radius&quot;:3},&quot;bgColor&quot;:{&quot;r&quot;:220,&quot;g&quot;:84,&quot;b&quot;:4,&quot;a&quot;:1},&quot;margin&quot;:{&quot;top&quot;:0,&quot;bottom&quot;:0,&quot;left&quot;:0,&quot;right&quot;:0}},&quot;followBtnLocation&quot;:{&quot;desktop&quot;:&quot;bottom&quot;,&quot;phone&quot;:&quot;bottom&quot;},&quot;alignFooterButtons&quot;:{&quot;desktop&quot;:false},&quot;customCss&quot;:&quot;\\\/* Enter your custom CSS below *\\\/\\n\\n&quot;,&quot;accounts&quot;:[2429],&quot;tagged&quot;:[],&quot;hashtags&quot;:[],&quot;mediaType&quot;:&quot;all&quot;,&quot;hashtagWhitelist&quot;:[],&quot;hashtagBlacklist&quot;:[],&quot;captionWhitelist&quot;:[],&quot;captionBlacklist&quot;:[],&quot;hashtagWhitelistSettings&quot;:true,&quot;hashtagBlacklistSettings&quot;:true,&quot;captionWhitelistSettings&quot;:true,&quot;captionBlacklistSettings&quot;:true,&quot;moderation&quot;:[],&quot;moderationMode&quot;:&quot;blacklist&quot;,&quot;promosVersion&quot;:2,&quot;promosEnabled&quot;:true,&quot;globalPromosEnabled&quot;:true,&quot;autoPromosEnabled&quot;:true,&quot;promoOverrides&quot;:[],&quot;feedPromo&quot;:{&quot;linkSource&quot;:{&quot;type&quot;:null},&quot;linkBehavior&quot;:{&quot;openNewTab&quot;:false,&quot;showPopupBox&quot;:false},&quot;linkText&quot;:&quot;&quot;},&quot;gaCampaignSource&quot;:&quot;&quot;,&quot;gaCampaignMedium&quot;:&quot;&quot;,&quot;gaCampaignName&quot;:&quot;&quot;,&quot;className&quot;:&quot;&quot;}' \/>\n        <input type=\"hidden\" id=\"sli__a__e3d2781a\" data-json='[{&quot;id&quot;:2429,&quot;type&quot;:&quot;PERSONAL&quot;,&quot;userId&quot;:&quot;7372201632835263&quot;,&quot;username&quot;:&quot;hankasalmen_kotiseutuyhdistys&quot;,&quot;bio&quot;:&quot;&quot;,&quot;customBio&quot;:&quot;&quot;,&quot;profilePicUrl&quot;:&quot;&quot;,&quot;customProfilePicUrl&quot;:&quot;https:\\\/\\\/www.hankasalmenkotiseutuyhdistys.fi\\\/wp-content\\\/uploads\\\/cropped-cropped-image_6483441-3-copy-scaled-1.jpg&quot;,&quot;mediaCount&quot;:&quot;214&quot;,&quot;followersCount&quot;:&quot;0&quot;,&quot;usages&quot;:[],&quot;creationDate&quot;:&quot;2024-04-29 07:58:41&quot;}]' \/>\n        <input type=\"hidden\" id=\"sli__m__e3d2781a\" data-json='[]' \/>\n        ","protected":false},"excerpt":{"rendered":"<p>Kotiseutuyhdistyksen uusi hallitus: puheenjohtaja Maija-Riitta Anttila,puh. 0452325978, varapuheenjohtaja Olavi Puttonen, sihteeri Jari Aho, tiedottaja ja arkistovastaava Riikka Pietil\u00e4inen, j\u00e4senasiat Marjo Pihlaja, kiinteist\u00f6jen hoito ja penkkivuokraus-\/ lainauskyselyt Pekka Peltokorpi, puhelin 0504619599, rahastohoitaja Raimo Hyv\u00e4rinen. Hallan tuvan vuokraus: tiedustelut puheenjohtajalta p. 0452325978 tai posti@hankasalmenkotiseutuyhdistys.fi Museokyl\u00e4 on kes\u00e4kauden ulkopuolella avoinna ryhmille sopimuksen mukaan posti@hankasalmenkotiseutuyhdistys.fi, puh. 0452325978. Hankasalmen kotiseutuyhdistys [&hellip;]<\/p>\n","protected":false},"author":1,"featured_media":1465,"parent":0,"menu_order":0,"comment_status":"closed","ping_status":"closed","template":"","meta":{"footnotes":""},"class_list":["post-786","page","type-page","status-publish","has-post-thumbnail","czr-hentry"],"aioseo_notices":[],"_links":{"self":[{"href":"https:\/\/www.hankasalmenkotiseutuyhdistys.fi\/index.php?rest_route=\/wp\/v2\/pages\/786","targetHints":{"allow":["GET"]}}],"collection":[{"href":"https:\/\/www.hankasalmenkotiseutuyhdistys.fi\/index.php?rest_route=\/wp\/v2\/pages"}],"about":[{"href":"https:\/\/www.hankasalmenkotiseutuyhdistys.fi\/index.php?rest_route=\/wp\/v2\/types\/page"}],"author":[{"embeddable":true,"href":"https:\/\/www.hankasalmenkotiseutuyhdistys.fi\/index.php?rest_route=\/wp\/v2\/users\/1"}],"replies":[{"embeddable":true,"href":"https:\/\/www.hankasalmenkotiseutuyhdistys.fi\/index.php?rest_route=%2Fwp%2Fv2%2Fcomments&post=786"}],"version-history":[{"count":663,"href":"https:\/\/www.hankasalmenkotiseutuyhdistys.fi\/index.php?rest_route=\/wp\/v2\/pages\/786\/revisions"}],"predecessor-version":[{"id":3153,"href":"https:\/\/www.hankasalmenkotiseutuyhdistys.fi\/index.php?rest_route=\/wp\/v2\/pages\/786\/revisions\/3153"}],"wp:featuredmedia":[{"embeddable":true,"href":"https:\/\/www.hankasalmenkotiseutuyhdistys.fi\/index.php?rest_route=\/wp\/v2\/media\/1465"}],"wp:attachment":[{"href":"https:\/\/www.hankasalmenkotiseutuyhdistys.fi\/index.php?rest_route=%2Fwp%2Fv2%2Fmedia&parent=786"}],"curies":[{"name":"wp","href":"https:\/\/api.w.org\/{rel}","templated":true}]}}