{"id":7,"date":"2012-07-03T07:20:32","date_gmt":"2012-07-03T07:20:32","guid":{"rendered":"http:\/\/www.hankasalmenkotiseutuyhdistys.fi\/?page_id=7"},"modified":"2024-07-09T11:25:08","modified_gmt":"2024-07-09T08:25:08","slug":"museokyla","status":"publish","type":"page","link":"https:\/\/www.hankasalmenkotiseutuyhdistys.fi\/?page_id=7","title":{"rendered":"Museokyl\u00e4n rakennukset"},"content":{"rendered":"<div class=\"wp-block-image\">\n<figure class=\"alignleft\"><a href=\"https:\/\/www.hankasalmenkotiseutuyhdistys.fi\/wp-content\/uploads\/Museokylan_kartta_ja_info_92dpi.jpg\"><img loading=\"lazy\" decoding=\"async\" width=\"1097\" height=\"782\" src=\"https:\/\/www.hankasalmenkotiseutuyhdistys.fi\/wp-content\/uploads\/Museokylan_kartta_ja_info_92dpi.jpg\" alt=\"Museokyl\u00e4n rakennukset: 1. Hallan tupa 2. Savutupa 3. Halkoliiteri 4. Vaateaitta 5. Kaivo 6. Savusauna 7. Navetta 8. Kokkitalli 9. Riihi 10. Tuulimylly 11. Paja ja hiilikoppeli 12. Venekoppeli 13. Esinemuseo\" class=\"wp-image-973\" srcset=\"https:\/\/www.hankasalmenkotiseutuyhdistys.fi\/wp-content\/uploads\/Museokylan_kartta_ja_info_92dpi.jpg 1097w, https:\/\/www.hankasalmenkotiseutuyhdistys.fi\/wp-content\/uploads\/Museokylan_kartta_ja_info_92dpi-561x400.jpg 561w, https:\/\/www.hankasalmenkotiseutuyhdistys.fi\/wp-content\/uploads\/Museokylan_kartta_ja_info_92dpi-768x547.jpg 768w, https:\/\/www.hankasalmenkotiseutuyhdistys.fi\/wp-content\/uploads\/Museokylan_kartta_ja_info_92dpi-701x500.jpg 701w\" sizes=\"auto, (max-width: 1097px) 100vw, 1097px\" \/><\/a><figcaption class=\"wp-element-caption\">Museokyl\u00e4n rakennukset: 1. Hallan tupa 2. Savutupa 3. Halkoliiteri 4. Vaateaitta 5. Kaivo 6. Savusauna 7. Navetta 8. Kokkitalli 9. Riihi 10. Tuulimylly 11. Paja ja hiilikoppeli 12. Venekoppeli 13. Esinemuseo<\/figcaption><\/figure>\n<\/div>\n\n\n<p><strong>Museokyl\u00e4ss\u00e4<\/strong> esitt\u00e4ytyy kylien Hankasalmi. Eri kyl\u00e4kulmilta kootut rakennukset, esineet, valokuvat ja tekstiilit kertovat kylien ja pit\u00e4j\u00e4l\u00e4isten el\u00e4m\u00e4st\u00e4 satojen vuosien ajalta.&nbsp;Museokyl\u00e4 on avoinna vuosittain kes\u00e4kuun puoliv\u00e4liist\u00e4 elokuun puoliv\u00e4liin. Talvikaudella museokyl\u00e4\u00e4n p\u00e4\u00e4see tutustumaan sopimalla vierailusta kotiseutuyhdistyksen kanssa.<\/p>\n\n\n\n<p>Varsinaisia museorakennuksia ovat: <strong><a href=\"https:\/\/www.hankasalmenkotiseutuyhdistys.fi\/?page_id=673\" title=\"Savutupa\">savutupa<\/a>, <a href=\"https:\/\/www.hankasalmenkotiseutuyhdistys.fi\/?page_id=706\" title=\"Vaateaitta\">vaateaitta<\/a>,<a href=\"https:\/\/www.hankasalmenkotiseutuyhdistys.fi\/?page_id=677\" title=\"Savusauna\"> sauna<\/a>, <a href=\"https:\/\/www.hankasalmenkotiseutuyhdistys.fi\/?page_id=2353\" title=\"Navetta\">navetta<\/a>,<a href=\"https:\/\/www.hankasalmenkotiseutuyhdistys.fi\/?page_id=686\" title=\"Kokki- eli luhtitalli\"> kokkitalli<\/a>, <a href=\"https:\/\/www.hankasalmenkotiseutuyhdistys.fi\/?page_id=690\" title=\"Riihi\">riihi, <\/a><a href=\"https:\/\/www.hankasalmenkotiseutuyhdistys.fi\/?page_id=2200\" title=\"Tuulimylly\">tuulimylly<\/a>,<a href=\"https:\/\/www.hankasalmenkotiseutuyhdistys.fi\/?page_id=699\" title=\"Paja ja hiilikoppeli\"> paja, hiilikoppeli<\/a>,&nbsp;<a href=\"https:\/\/www.hankasalmenkotiseutuyhdistys.fi\/?page_id=703\" title=\"Venekoppeli\">venekoppeli<\/a><\/strong>&nbsp;ja <strong>halkoliiteri.&nbsp;<\/strong>Museorakennusten lis\u00e4ksi alueella on my\u00f6s<strong><a href=\"https:\/\/www.hankasalmenkotiseutuyhdistys.fi\/?page_id=12\" title=\"Hallan tupa \u2013 juhla-, kokous- ja kotiseututalo\"> juhla- ja kotiseututalo Hallan tupa<\/a>.<\/strong> Se on suuri mahtavahirsinen paritupa, joka on rakentunut kolmen vuosisadan kuluessa, 1600-, 1750- ja 1850-luvuilla. Rakennuksessa tehtiin t\u00e4ydellinen peruskorjaus 2018\u20132020. Sen my\u00f6t\u00e4 kosteusvaurioisesta talosta saatiin esteet\u00f6n terve talo. Alkoi arvorakennuksen uusi aika.<\/p>\n\n\n\n<p>Kivenheiton p\u00e4\u00e4ss\u00e4 museokyl\u00e4st\u00e4 sijaitsee vanhaan Viljamakasiiniin perustettu <strong><a href=\"https:\/\/www.hankasalmenkotiseutuyhdistys.fi\/?page_id=670\" title=\"Esinemuseo\">Esinemuseo<\/a><\/strong>, jonka uusi perusn\u00e4yttely avattiin kes\u00e4ll\u00e4 2016.<\/p>\n\n\n\n<p>Lis\u00e4\u00e4 kuvia museokyl\u00e4st\u00e4 ja sen rakennuksista l\u00f6yd\u00e4t <strong><a title=\"Kuvagalleria\" href=\"https:\/\/www.hankasalmenkotiseutuyhdistys.fi\/?page_id=380\">kuvagalleriasta.<\/a><\/strong><\/p>\n\n\n\n<p>Museokyl\u00e4n rakennukset on siirretty museokyl\u00e4\u00e4n eri puolilta Hankasalmen kuntaa. Oheisessa kartassa n\u00e4kyv\u00e4t rakennusten alkuper\u00e4iset paikat.<\/p>\n\n\n<div class=\"wp-block-image\">\n<figure class=\"aligncenter\"><a href=\"https:\/\/www.hankasalmenkotiseutuyhdistys.fi\/wp-content\/uploads\/Museotalojen-kartta-2.jpg\"><img loading=\"lazy\" decoding=\"async\" width=\"1161\" height=\"1522\" src=\"https:\/\/www.hankasalmenkotiseutuyhdistys.fi\/wp-content\/uploads\/Museotalojen-kartta-2.jpg\" alt=\"Museotalojen kartta\" class=\"wp-image-440\" srcset=\"https:\/\/www.hankasalmenkotiseutuyhdistys.fi\/wp-content\/uploads\/Museotalojen-kartta-2.jpg 1161w, https:\/\/www.hankasalmenkotiseutuyhdistys.fi\/wp-content\/uploads\/Museotalojen-kartta-2-305x400.jpg 305w, https:\/\/www.hankasalmenkotiseutuyhdistys.fi\/wp-content\/uploads\/Museotalojen-kartta-2-381x500.jpg 381w\" sizes=\"auto, (max-width: 1161px) 100vw, 1161px\" \/><\/a><\/figure>\n<\/div>\n\n\n<p>1. Tuulimylly, S\u00e4kinm\u00e4en kyl\u00e4, Lamminp\u00e4\u00e4n tila<br>2. Paja ja hiilikoppi, Hankaveden kyl\u00e4, Saarikankaan tila<br>3. Savutupa, Kynsiveden kyl\u00e4, Ristim\u00e4en tila<br>4. Riihi, Kynsiveden kyl\u00e4, Korpelan tila<br>5. Kokkitalli, Viitalahden kyl\u00e4, Yrj\u00f6n tila<br>6. Vaateaitta, Viitalahden kyl\u00e4, Ritalan tila<br>7. Navetta, Halttulan kyl\u00e4, Tiiholan tila<br>8. Hallan tupa, Suoliveden kyl\u00e4, Pohjois-Hallan tila<br>9. Savusauna, Sauvam\u00e4en kyl\u00e4, Kuuselan tila<br>10. Halkoliiteri<\/p>\n\n\n\n<h2 class=\"wp-block-heading\"><\/h2>\n","protected":false},"excerpt":{"rendered":"<p>Museokyl\u00e4ss\u00e4 esitt\u00e4ytyy kylien Hankasalmi. Eri kyl\u00e4kulmilta kootut rakennukset, esineet, valokuvat ja tekstiilit kertovat kylien ja pit\u00e4j\u00e4l\u00e4isten el\u00e4m\u00e4st\u00e4 satojen vuosien ajalta.&nbsp;Museokyl\u00e4 on avoinna vuosittain kes\u00e4kuun puoliv\u00e4liist\u00e4 elokuun puoliv\u00e4liin. Talvikaudella museokyl\u00e4\u00e4n p\u00e4\u00e4see tutustumaan sopimalla vierailusta kotiseutuyhdistyksen kanssa. Varsinaisia museorakennuksia ovat: savutupa, vaateaitta, sauna, navetta, kokkitalli, riihi, tuulimylly, paja, hiilikoppeli,&nbsp;venekoppeli&nbsp;ja halkoliiteri.&nbsp;Museorakennusten lis\u00e4ksi alueella on my\u00f6s juhla- ja kotiseututalo [&hellip;]<\/p>\n","protected":false},"author":1,"featured_media":0,"parent":0,"menu_order":3,"comment_status":"closed","ping_status":"closed","template":"","meta":{"footnotes":""},"class_list":["post-7","page","type-page","status-publish","czr-hentry"],"aioseo_notices":[],"_links":{"self":[{"href":"https:\/\/www.hankasalmenkotiseutuyhdistys.fi\/index.php?rest_route=\/wp\/v2\/pages\/7","targetHints":{"allow":["GET"]}}],"collection":[{"href":"https:\/\/www.hankasalmenkotiseutuyhdistys.fi\/index.php?rest_route=\/wp\/v2\/pages"}],"about":[{"href":"https:\/\/www.hankasalmenkotiseutuyhdistys.fi\/index.php?rest_route=\/wp\/v2\/types\/page"}],"author":[{"embeddable":true,"href":"https:\/\/www.hankasalmenkotiseutuyhdistys.fi\/index.php?rest_route=\/wp\/v2\/users\/1"}],"replies":[{"embeddable":true,"href":"https:\/\/www.hankasalmenkotiseutuyhdistys.fi\/index.php?rest_route=%2Fwp%2Fv2%2Fcomments&post=7"}],"version-history":[{"count":72,"href":"https:\/\/www.hankasalmenkotiseutuyhdistys.fi\/index.php?rest_route=\/wp\/v2\/pages\/7\/revisions"}],"predecessor-version":[{"id":2719,"href":"https:\/\/www.hankasalmenkotiseutuyhdistys.fi\/index.php?rest_route=\/wp\/v2\/pages\/7\/revisions\/2719"}],"wp:attachment":[{"href":"https:\/\/www.hankasalmenkotiseutuyhdistys.fi\/index.php?rest_route=%2Fwp%2Fv2%2Fmedia&parent=7"}],"curies":[{"name":"wp","href":"https:\/\/api.w.org\/{rel}","templated":true}]}}