{"id":699,"date":"2016-02-03T12:47:20","date_gmt":"2016-02-03T12:47:20","guid":{"rendered":"http:\/\/www.hankasalmenkotiseutuyhdistys.fi\/?page_id=699"},"modified":"2024-04-30T13:23:13","modified_gmt":"2024-04-30T10:23:13","slug":"paja-ja-hiilikoppeli","status":"publish","type":"page","link":"https:\/\/www.hankasalmenkotiseutuyhdistys.fi\/?page_id=699","title":{"rendered":"Paja ja hiilikoppeli"},"content":{"rendered":"\n<figure class=\"wp-block-image alignwide wp-image-70 size-large\"><img loading=\"lazy\" decoding=\"async\" width=\"1024\" height=\"768\" src=\"https:\/\/www.hankasalmenkotiseutuyhdistys.fi\/wp-content\/uploads\/IMG_0013-1024x768.jpg\" alt=\"IMG_0013\" class=\"wp-image-70\" srcset=\"https:\/\/www.hankasalmenkotiseutuyhdistys.fi\/wp-content\/uploads\/IMG_0013-1024x768.jpg 1024w, https:\/\/www.hankasalmenkotiseutuyhdistys.fi\/wp-content\/uploads\/IMG_0013-300x225.jpg 300w\" sizes=\"auto, (max-width: 1024px) 100vw, 1024px\" \/><figcaption class=\"wp-element-caption\">Vasemmalla paja. Oikealla hiilikoppeli<\/figcaption><\/figure>\n\n\n\n<p>Pienet t\u00e4rke\u00e4t sep\u00e4n tarverakennukset on tuotu Hankavedenkyl\u00e4n Saarikankaan tilalta. Paja on 1700-luvulta ja sen sisustukseen kuuluvat palkeet ja ahjo, jossa k\u00e4ytettiin puuhiili\u00e4. Hiilikoppi on ainoa pulpettikattoinen rakennus museokyl\u00e4ss\u00e4.<\/p>\n\n\n\n<div style=\"height:7px\" aria-hidden=\"true\" class=\"wp-block-spacer\"><\/div>\n\n\n\n<figure class=\"wp-block-image alignwide size-full\"><img loading=\"lazy\" decoding=\"async\" width=\"850\" height=\"612\" src=\"https:\/\/www.hankasalmenkotiseutuyhdistys.fi\/wp-content\/uploads\/MG_4597.jpg\" alt=\"\" class=\"wp-image-321\"\/><figcaption class=\"wp-element-caption\">Sep\u00e4n ty\u00f6kaluja  museokyl\u00e4n pajassa<\/figcaption><\/figure>\n","protected":false},"excerpt":{"rendered":"<p>Pienet t\u00e4rke\u00e4t sep\u00e4n tarverakennukset on tuotu Hankavedenkyl\u00e4n Saarikankaan tilalta. Paja on 1700-luvulta ja sen sisustukseen kuuluvat palkeet ja ahjo, jossa k\u00e4ytettiin puuhiili\u00e4. Hiilikoppi on ainoa pulpettikattoinen rakennus museokyl\u00e4ss\u00e4.<\/p>\n","protected":false},"author":1,"featured_media":0,"parent":0,"menu_order":0,"comment_status":"closed","ping_status":"closed","template":"","meta":{"footnotes":""},"class_list":["post-699","page","type-page","status-publish","czr-hentry"],"aioseo_notices":[],"_links":{"self":[{"href":"https:\/\/www.hankasalmenkotiseutuyhdistys.fi\/index.php?rest_route=\/wp\/v2\/pages\/699","targetHints":{"allow":["GET"]}}],"collection":[{"href":"https:\/\/www.hankasalmenkotiseutuyhdistys.fi\/index.php?rest_route=\/wp\/v2\/pages"}],"about":[{"href":"https:\/\/www.hankasalmenkotiseutuyhdistys.fi\/index.php?rest_route=\/wp\/v2\/types\/page"}],"author":[{"embeddable":true,"href":"https:\/\/www.hankasalmenkotiseutuyhdistys.fi\/index.php?rest_route=\/wp\/v2\/users\/1"}],"replies":[{"embeddable":true,"href":"https:\/\/www.hankasalmenkotiseutuyhdistys.fi\/index.php?rest_route=%2Fwp%2Fv2%2Fcomments&post=699"}],"version-history":[{"count":5,"href":"https:\/\/www.hankasalmenkotiseutuyhdistys.fi\/index.php?rest_route=\/wp\/v2\/pages\/699\/revisions"}],"predecessor-version":[{"id":2314,"href":"https:\/\/www.hankasalmenkotiseutuyhdistys.fi\/index.php?rest_route=\/wp\/v2\/pages\/699\/revisions\/2314"}],"wp:attachment":[{"href":"https:\/\/www.hankasalmenkotiseutuyhdistys.fi\/index.php?rest_route=%2Fwp%2Fv2%2Fmedia&parent=699"}],"curies":[{"name":"wp","href":"https:\/\/api.w.org\/{rel}","templated":true}]}}