{"id":686,"date":"2016-02-03T12:36:11","date_gmt":"2016-02-03T12:36:11","guid":{"rendered":"http:\/\/www.hankasalmenkotiseutuyhdistys.fi\/?page_id=686"},"modified":"2024-04-30T13:16:05","modified_gmt":"2024-04-30T10:16:05","slug":"kokkitalli","status":"publish","type":"page","link":"https:\/\/www.hankasalmenkotiseutuyhdistys.fi\/?page_id=686","title":{"rendered":"Kokki- eli luhtitalli"},"content":{"rendered":"\n<p><strong>Kokkitalli<\/strong> on tuotu museokyl\u00e4\u00e4n Yrj\u00f6n eli L\u00e4hteenkorvan tilalta Viitalahden kyl\u00e4lt\u00e4, joka nyt lasketaan kuuluvaksi Venekoskeen. Viitalahti oli muinaisia Hankasalmen h\u00e4m\u00e4l\u00e4isasutuksen kyli\u00e4. Tallirakennus on 1860-luvulta.&nbsp;<\/p>\n\n\n\n<p>Kokkitalli tarkoittaa kaksikerroksista tallirakennusta, eik\u00e4 sill\u00e4 ole mit\u00e4\u00e4n tekemist\u00e4 ruokaa laittavien kokkien kanssa. Rakennuksen alakerta toimi tallina. Keskiaitassa oli yleens\u00e4 kolme, vieraan k\u00e4ydess\u00e4 nelj\u00e4kin hevosta. Vasemmanpuoleisesta aitasta johtaa leve\u00e4 sy\u00f6tt\u00f6aukko keskiaittaan. Yl\u00e4kerroksen aittoja k\u00e4ytettiin varastoina ja niiss\u00e4 nukuttiin kes\u00e4isin. Ullakon eli kokin edusalla on sola, jota pitkin p\u00e4\u00e4see kulkemaan aittoihin. Tallin vesikatto on muodoltaan ranskalainen taitekatto eli mansardikatto. Katolla on velli- eli ruokakello, jota soittamalla kutsuttiin ulkot\u00f6iss\u00e4 oleva v\u00e4ki sy\u00f6m\u00e4\u00e4n tai sill\u00e4 h\u00e4lytettiin apua tulipalon tai muun onnettomuden sattuessa.&nbsp;<\/p>\n\n\n\n<p>Tallin ja navetan katto uusittiin vuonna 2016 lautakatoksi. Sit\u00e4 kev\u00e4isin tervattaessa tuoksu valtaa koko l\u00e4hipiirin.&nbsp;<\/p>\n\n\n\n<p><strong>Tallin keskiosan n\u00e4yttelyss\u00e4<\/strong> on hevosiin liittyvi\u00e4 esineit\u00e4, valjaita, satuloita ym. Reki ja k\u00e4rrit ovat hankasalmelaisen romaniperheen lahjoittamia ja n\u00e4in yksi Suomen v\u00e4hemmist\u00f6kulttuureista on edustettuna.<\/p>\n\n\n\n<p><strong>Tallin p\u00e4\u00e4tyaitassa<\/strong> on n\u00e4yttely hankasalmelaisesta kansanparantaja Aleksanteri Viinikaisesta.<\/p>\n\n\n\n<div style=\"height:33px\" aria-hidden=\"true\" class=\"wp-block-spacer\"><\/div>\n\n\n<div id=\"metaslider-id-1227\" style=\"max-width: 800px;\" class=\"ml-slider-3-107-0 metaslider metaslider-flex metaslider-1227 ml-slider has-dots-nav ms-theme-default\" role=\"region\" aria-label=\"Hevostallin kuvat\" data-height=\"600\" data-width=\"800\">\n    <div id=\"metaslider_container_1227\">\n        <div id=\"metaslider_1227\">\n            <ul class='slides'>\n                <li style=\"display: block; width: 100%;\" class=\"slide-2183 ms-image \" aria-roledescription=\"slide\" data-date=\"2024-04-20 19:25:50\" data-filename=\"kokkitalliuusi-800x600.jpg\" data-slide-type=\"image\"><img loading=\"lazy\" decoding=\"async\" src=\"https:\/\/www.hankasalmenkotiseutuyhdistys.fi\/wp-content\/uploads\/kokkitalliuusi-800x600.jpg\" height=\"600\" width=\"800\" alt=\"Hankasalmen museokyl\u00e4n Kokkitalli\" class=\"slider-1227 slide-2183 msDefaultImage\" title=\"Kokkitalli\" \/><div class=\"caption-wrap\"><div class=\"caption\"><div>Kokkitalli<\/div><\/div><\/div><\/li>\n                <li style=\"display: none; width: 100%;\" class=\"slide-1240 ms-image \" aria-roledescription=\"slide\" data-date=\"2017-08-15 13:48:58\" data-filename=\"Tallin\u00e4yttely-800x600.jpg\" data-slide-type=\"image\"><img loading=\"lazy\" decoding=\"async\" src=\"https:\/\/www.hankasalmenkotiseutuyhdistys.fi\/wp-content\/uploads\/Tallin\u00e4yttely-800x600.jpg\" height=\"600\" width=\"800\" alt=\"\" class=\"slider-1227 slide-1240 msDefaultImage\" \/><div class=\"caption-wrap\"><div class=\"caption\"><div>Tallin keskiosan n\u00e4yttelytila<\/div><\/div><\/div><\/li>\n                <li style=\"display: none; width: 100%;\" class=\"slide-1229 ms-image \" aria-roledescription=\"slide\" data-date=\"2017-08-15 13:42:41\" data-filename=\"Tallin\u00e4yttely2-669x502.jpg\" data-slide-type=\"image\"><img loading=\"lazy\" decoding=\"async\" src=\"https:\/\/www.hankasalmenkotiseutuyhdistys.fi\/wp-content\/uploads\/Tallin\u00e4yttely2-669x502.jpg\" height=\"600\" width=\"800\" alt=\"\" class=\"slider-1227 slide-1229 msDefaultImage\" \/><div class=\"caption-wrap\"><div class=\"caption\"><div>Tallin keskiosan n\u00e4yttelytila<\/div><\/div><\/div><\/li>\n                <li style=\"display: none; width: 100%;\" class=\"slide-2185 ms-image \" aria-roledescription=\"slide\" data-date=\"2024-04-20 19:33:38\" data-filename=\"IMG-20240201-WA0002-800x600.jpg\" data-slide-type=\"image\"><img loading=\"lazy\" decoding=\"async\" src=\"https:\/\/www.hankasalmenkotiseutuyhdistys.fi\/wp-content\/uploads\/IMG-20240201-WA0002-800x600.jpg\" height=\"600\" width=\"800\" alt=\"lapset leikkiv\u00e4t Hankasalmen museokyl\u00e4n tallissa\" class=\"slider-1227 slide-2185 msDefaultImage\" title=\"Puuhevoset tallissa\" \/><div class=\"caption-wrap\"><div class=\"caption\"><div>Tallin puuhevosilla saa ratsastaa.<\/div><\/div><\/div><\/li>\n                <li style=\"display: none; width: 100%;\" class=\"slide-1228 ms-image \" aria-roledescription=\"slide\" data-date=\"2017-08-15 13:42:41\" data-filename=\"Baltzar-nettireso-712x534.jpg\" data-slide-type=\"image\"><img loading=\"lazy\" decoding=\"async\" src=\"https:\/\/www.hankasalmenkotiseutuyhdistys.fi\/wp-content\/uploads\/Baltzar-nettireso-712x534.jpg\" height=\"600\" width=\"800\" alt=\"\" class=\"slider-1227 slide-1228 msDefaultImage\" \/><div class=\"caption-wrap\"><div class=\"caption\"><div>Osan tallin esineist\u00f6st\u00e4 on lahjoittanut Baltzarin perhe (kuvassa)<\/div><\/div><\/div><\/li>\n                <li style=\"display: none; width: 100%;\" class=\"slide-1230 ms-image \" aria-roledescription=\"slide\" data-date=\"2017-08-15 13:43:02\" data-filename=\"Santerin-aitta-yleisn\u00e4kym\u00e4-800x600.jpg\" data-slide-type=\"image\"><img loading=\"lazy\" decoding=\"async\" src=\"https:\/\/www.hankasalmenkotiseutuyhdistys.fi\/wp-content\/uploads\/Santerin-aitta-yleisn\u00e4kym\u00e4-800x600.jpg\" height=\"600\" width=\"800\" alt=\"\" class=\"slider-1227 slide-1230 msDefaultImage\" \/><div class=\"caption-wrap\"><div class=\"caption\"><div>Tallin n\u00e4yttelytiloja: Kansanparantajan aitta<\/div><\/div><\/div><\/li>\n                <li style=\"display: none; width: 100%;\" class=\"slide-1231 ms-image \" aria-roledescription=\"slide\" data-date=\"2017-08-15 13:43:02\" data-filename=\"Santerin-aitta-ty\u00f6p\u00f6yt\u00e4-710x533.jpg\" data-slide-type=\"image\"><img loading=\"lazy\" decoding=\"async\" src=\"https:\/\/www.hankasalmenkotiseutuyhdistys.fi\/wp-content\/uploads\/Santerin-aitta-ty\u00f6p\u00f6yt\u00e4-710x533.jpg\" height=\"600\" width=\"800\" alt=\"\" class=\"slider-1227 slide-1231 msDefaultImage\" \/><div class=\"caption-wrap\"><div class=\"caption\"><div>Tallin n\u00e4yttelytiloja: Kansanparantajan aitta<\/div><\/div><\/div><\/li>\n                <li style=\"display: none; width: 100%;\" class=\"slide-1232 ms-image \" aria-roledescription=\"slide\" data-date=\"2017-08-15 13:43:02\" data-filename=\"Santerin-aitta-pullot-710x533.jpg\" data-slide-type=\"image\"><img loading=\"lazy\" decoding=\"async\" src=\"https:\/\/www.hankasalmenkotiseutuyhdistys.fi\/wp-content\/uploads\/Santerin-aitta-pullot-710x533.jpg\" height=\"600\" width=\"800\" alt=\"\" class=\"slider-1227 slide-1232 msDefaultImage\" \/><div class=\"caption-wrap\"><div class=\"caption\"><div>Tallin n\u00e4yttelytiloja: Kansanparantajan aitta<\/div><\/div><\/div><\/li>\n                <li style=\"display: none; width: 100%;\" class=\"slide-1234 ms-image \" aria-roledescription=\"slide\" data-date=\"2017-08-15 13:43:03\" data-filename=\"Santerin-aitta-lamppu-721x541.jpg\" data-slide-type=\"image\"><img loading=\"lazy\" decoding=\"async\" src=\"https:\/\/www.hankasalmenkotiseutuyhdistys.fi\/wp-content\/uploads\/Santerin-aitta-lamppu-721x541.jpg\" height=\"600\" width=\"800\" alt=\"\" class=\"slider-1227 slide-1234 msDefaultImage\" \/><div class=\"caption-wrap\"><div class=\"caption\"><div>Tallin n\u00e4yttelytiloja: Kansanparantajan aitta<\/div><\/div><\/div><\/li>\n                <li style=\"display: none; width: 100%;\" class=\"slide-1235 ms-image \" aria-roledescription=\"slide\" data-date=\"2017-08-15 13:43:03\" data-filename=\"Santerin-aitta-kasvil\u00e4\u00e4kint\u00e4-600x450.jpg\" data-slide-type=\"image\"><img loading=\"lazy\" decoding=\"async\" src=\"https:\/\/www.hankasalmenkotiseutuyhdistys.fi\/wp-content\/uploads\/Santerin-aitta-kasvil\u00e4\u00e4kint\u00e4-600x450.jpg\" height=\"600\" width=\"800\" alt=\"\" class=\"slider-1227 slide-1235 msDefaultImage\" \/><div class=\"caption-wrap\"><div class=\"caption\"><div>Tallin n\u00e4yttelytiloja: Kansanparantajan aitta<\/div><\/div><\/div><\/li>\n                <li style=\"display: none; width: 100%;\" class=\"slide-1236 ms-image \" aria-roledescription=\"slide\" data-date=\"2017-08-15 13:43:03\" data-filename=\"Santerin-aitta-kasvikirja2-800x600.jpg\" data-slide-type=\"image\"><img loading=\"lazy\" decoding=\"async\" src=\"https:\/\/www.hankasalmenkotiseutuyhdistys.fi\/wp-content\/uploads\/Santerin-aitta-kasvikirja2-800x600.jpg\" height=\"600\" width=\"800\" alt=\"\" class=\"slider-1227 slide-1236 msDefaultImage\" \/><div class=\"caption-wrap\"><div class=\"caption\"><div>Tallin n\u00e4yttelytiloja: Kansanparantajan aitta<\/div><\/div><\/div><\/li>\n                <li style=\"display: none; width: 100%;\" class=\"slide-1239 ms-image \" aria-roledescription=\"slide\" data-date=\"2017-08-15 13:43:03\" data-filename=\"Santeri-Viinikainen-polttoraudat-710x533.jpg\" data-slide-type=\"image\"><img loading=\"lazy\" decoding=\"async\" src=\"https:\/\/www.hankasalmenkotiseutuyhdistys.fi\/wp-content\/uploads\/Santeri-Viinikainen-polttoraudat-710x533.jpg\" height=\"600\" width=\"800\" alt=\"\" class=\"slider-1227 slide-1239 msDefaultImage\" \/><div class=\"caption-wrap\"><div class=\"caption\"><div>Tallin n\u00e4yttelytiloja: Kansanparantajan aitta<\/div><\/div><\/div><\/li>\n            <\/ul>\n        <\/div>\n        \n    <\/div>\n<\/div>\n","protected":false},"excerpt":{"rendered":"<p>Kokkitalli on tuotu museokyl\u00e4\u00e4n Yrj\u00f6n eli L\u00e4hteenkorvan tilalta Viitalahden kyl\u00e4lt\u00e4, joka nyt lasketaan kuuluvaksi Venekoskeen. Viitalahti oli muinaisia Hankasalmen h\u00e4m\u00e4l\u00e4isasutuksen kyli\u00e4. Tallirakennus on 1860-luvulta.&nbsp; Kokkitalli tarkoittaa kaksikerroksista tallirakennusta, eik\u00e4 sill\u00e4 ole mit\u00e4\u00e4n tekemist\u00e4 ruokaa laittavien kokkien kanssa. Rakennuksen alakerta toimi tallina. Keskiaitassa oli yleens\u00e4 kolme, vieraan k\u00e4ydess\u00e4 nelj\u00e4kin hevosta. Vasemmanpuoleisesta aitasta johtaa leve\u00e4 sy\u00f6tt\u00f6aukko keskiaittaan. [&hellip;]<\/p>\n","protected":false},"author":1,"featured_media":0,"parent":0,"menu_order":0,"comment_status":"closed","ping_status":"closed","template":"","meta":{"footnotes":""},"class_list":["post-686","page","type-page","status-publish","czr-hentry"],"aioseo_notices":[],"_links":{"self":[{"href":"https:\/\/www.hankasalmenkotiseutuyhdistys.fi\/index.php?rest_route=\/wp\/v2\/pages\/686","targetHints":{"allow":["GET"]}}],"collection":[{"href":"https:\/\/www.hankasalmenkotiseutuyhdistys.fi\/index.php?rest_route=\/wp\/v2\/pages"}],"about":[{"href":"https:\/\/www.hankasalmenkotiseutuyhdistys.fi\/index.php?rest_route=\/wp\/v2\/types\/page"}],"author":[{"embeddable":true,"href":"https:\/\/www.hankasalmenkotiseutuyhdistys.fi\/index.php?rest_route=\/wp\/v2\/users\/1"}],"replies":[{"embeddable":true,"href":"https:\/\/www.hankasalmenkotiseutuyhdistys.fi\/index.php?rest_route=%2Fwp%2Fv2%2Fcomments&post=686"}],"version-history":[{"count":15,"href":"https:\/\/www.hankasalmenkotiseutuyhdistys.fi\/index.php?rest_route=\/wp\/v2\/pages\/686\/revisions"}],"predecessor-version":[{"id":2188,"href":"https:\/\/www.hankasalmenkotiseutuyhdistys.fi\/index.php?rest_route=\/wp\/v2\/pages\/686\/revisions\/2188"}],"wp:attachment":[{"href":"https:\/\/www.hankasalmenkotiseutuyhdistys.fi\/index.php?rest_route=%2Fwp%2Fv2%2Fmedia&parent=686"}],"curies":[{"name":"wp","href":"https:\/\/api.w.org\/{rel}","templated":true}]}}