{"id":2655,"date":"2024-04-30T16:16:57","date_gmt":"2024-04-30T13:16:57","guid":{"rendered":"https:\/\/www.hankasalmenkotiseutuyhdistys.fi\/?page_id=2655"},"modified":"2024-04-30T16:21:51","modified_gmt":"2024-04-30T13:21:51","slug":"hankasalmi-sukat-ohje","status":"publish","type":"page","link":"https:\/\/www.hankasalmenkotiseutuyhdistys.fi\/?page_id=2655","title":{"rendered":"Hankasalmi-sukat \u2013 ohje"},"content":{"rendered":"\n<div class=\"wp-block-columns is-layout-flex wp-container-core-columns-is-layout-9d6595d7 wp-block-columns-is-layout-flex\">\n<div class=\"wp-block-column is-layout-flow wp-block-column-is-layout-flow\">\n<figure data-wp-context=\"{&quot;imageId&quot;:&quot;69d0c154a58b8&quot;}\" data-wp-interactive=\"core\/image\" data-wp-key=\"69d0c154a58b8\" class=\"wp-block-image size-large is-resized wp-lightbox-container\"><img loading=\"lazy\" decoding=\"async\" width=\"375\" height=\"500\" data-wp-class--hide=\"state.isContentHidden\" data-wp-class--show=\"state.isContentVisible\" data-wp-init=\"callbacks.setButtonStyles\" data-wp-on--click=\"actions.showLightbox\" data-wp-on--load=\"callbacks.setButtonStyles\" data-wp-on-window--resize=\"callbacks.setButtonStyles\" src=\"https:\/\/www.hankasalmenkotiseutuyhdistys.fi\/wp-content\/uploads\/Hankasalmi-sukat-375x500.jpg\" alt=\"\" class=\"wp-image-2653\" style=\"aspect-ratio:1;object-fit:cover;width:400px\" srcset=\"https:\/\/www.hankasalmenkotiseutuyhdistys.fi\/wp-content\/uploads\/Hankasalmi-sukat-375x500.jpg 375w, https:\/\/www.hankasalmenkotiseutuyhdistys.fi\/wp-content\/uploads\/Hankasalmi-sukat-300x400.jpg 300w, https:\/\/www.hankasalmenkotiseutuyhdistys.fi\/wp-content\/uploads\/Hankasalmi-sukat-768x1024.jpg 768w, https:\/\/www.hankasalmenkotiseutuyhdistys.fi\/wp-content\/uploads\/Hankasalmi-sukat-1152x1536.jpg 1152w, https:\/\/www.hankasalmenkotiseutuyhdistys.fi\/wp-content\/uploads\/Hankasalmi-sukat.jpg 1500w\" sizes=\"auto, (max-width: 375px) 100vw, 375px\" \/><button\n\t\t\tclass=\"lightbox-trigger\"\n\t\t\ttype=\"button\"\n\t\t\taria-haspopup=\"dialog\"\n\t\t\taria-label=\"Suurenna\"\n\t\t\tdata-wp-init=\"callbacks.initTriggerButton\"\n\t\t\tdata-wp-on--click=\"actions.showLightbox\"\n\t\t\tdata-wp-style--right=\"state.imageButtonRight\"\n\t\t\tdata-wp-style--top=\"state.imageButtonTop\"\n\t\t>\n\t\t\t<svg xmlns=\"http:\/\/www.w3.org\/2000\/svg\" width=\"12\" height=\"12\" fill=\"none\" viewBox=\"0 0 12 12\">\n\t\t\t\t<path fill=\"#fff\" d=\"M2 0a2 2 0 0 0-2 2v2h1.5V2a.5.5 0 0 1 .5-.5h2V0H2Zm2 10.5H2a.5.5 0 0 1-.5-.5V8H0v2a2 2 0 0 0 2 2h2v-1.5ZM8 12v-1.5h2a.5.5 0 0 0 .5-.5V8H12v2a2 2 0 0 1-2 2H8Zm2-12a2 2 0 0 1 2 2v2h-1.5V2a.5.5 0 0 0-.5-.5H8V0h2Z\" \/>\n\t\t\t<\/svg>\n\t\t<\/button><\/figure>\n<\/div>\n\n\n\n<div class=\"wp-block-column is-layout-flow wp-block-column-is-layout-flow\">\n<p>Vuonna 2023\u201324 j\u00e4rjestettiin lapsille ja nuorille Hankasalmi-neulekisa. Voittajaty\u00f6ksi valikoitui 11-vuotiaan <em>Noomi Tuikkalan<\/em> sukkamalli, jonka ohjeen voit ladata alla olevasta linkist\u00e4. Sukat on neulonut <em>Katriina Oksanen<\/em>. <\/p>\n\n\n\n<p>Kisassa palkittiin my\u00f6s 11-vuotiaat <em>Vertti Lievonen<\/em> ja <em>Rina R\u00e4m\u00f6<\/em> Niemiesj\u00e4rven koulusta sek\u00e4 <em>Venho Mykk\u00e4nen<\/em> Kuuhankaveden koulusta.<\/p>\n\n\n\n<p><strong><a href=\"https:\/\/www.hankasalmenkotiseutuyhdistys.fi\/wp-content\/uploads\/HANKASALMI-sukka.pdf\" target=\"_blank\" rel=\"noopener\" title=\"\">Lataa ohje t\u00e4st\u00e4.<\/a><\/strong><\/p>\n<\/div>\n<\/div>\n\n\n\n<p><\/p>\n\n\n\n<div class=\"wp-block-columns is-layout-flex wp-container-core-columns-is-layout-9d6595d7 wp-block-columns-is-layout-flex\">\n<div class=\"wp-block-column is-layout-flow wp-block-column-is-layout-flow\">\n<figure data-wp-context=\"{&quot;imageId&quot;:&quot;69d0c154a69d8&quot;}\" data-wp-interactive=\"core\/image\" data-wp-key=\"69d0c154a69d8\" class=\"wp-block-image size-large is-resized wp-lightbox-container\"><img loading=\"lazy\" decoding=\"async\" width=\"550\" height=\"500\" data-wp-class--hide=\"state.isContentHidden\" data-wp-class--show=\"state.isContentVisible\" data-wp-init=\"callbacks.setButtonStyles\" data-wp-on--click=\"actions.showLightbox\" data-wp-on--load=\"callbacks.setButtonStyles\" data-wp-on-window--resize=\"callbacks.setButtonStyles\" src=\"https:\/\/www.hankasalmenkotiseutuyhdistys.fi\/wp-content\/uploads\/Noominmalli-550x500.jpg\" alt=\"\" class=\"wp-image-2660\" style=\"aspect-ratio:1;object-fit:cover;width:400px\" srcset=\"https:\/\/www.hankasalmenkotiseutuyhdistys.fi\/wp-content\/uploads\/Noominmalli-550x500.jpg 550w, https:\/\/www.hankasalmenkotiseutuyhdistys.fi\/wp-content\/uploads\/Noominmalli-440x400.jpg 440w, https:\/\/www.hankasalmenkotiseutuyhdistys.fi\/wp-content\/uploads\/Noominmalli-768x698.jpg 768w, https:\/\/www.hankasalmenkotiseutuyhdistys.fi\/wp-content\/uploads\/Noominmalli.jpg 1189w\" sizes=\"auto, (max-width: 550px) 100vw, 550px\" \/><button\n\t\t\tclass=\"lightbox-trigger\"\n\t\t\ttype=\"button\"\n\t\t\taria-haspopup=\"dialog\"\n\t\t\taria-label=\"Suurenna\"\n\t\t\tdata-wp-init=\"callbacks.initTriggerButton\"\n\t\t\tdata-wp-on--click=\"actions.showLightbox\"\n\t\t\tdata-wp-style--right=\"state.imageButtonRight\"\n\t\t\tdata-wp-style--top=\"state.imageButtonTop\"\n\t\t>\n\t\t\t<svg xmlns=\"http:\/\/www.w3.org\/2000\/svg\" width=\"12\" height=\"12\" fill=\"none\" viewBox=\"0 0 12 12\">\n\t\t\t\t<path fill=\"#fff\" d=\"M2 0a2 2 0 0 0-2 2v2h1.5V2a.5.5 0 0 1 .5-.5h2V0H2Zm2 10.5H2a.5.5 0 0 1-.5-.5V8H0v2a2 2 0 0 0 2 2h2v-1.5ZM8 12v-1.5h2a.5.5 0 0 0 .5-.5V8H12v2a2 2 0 0 1-2 2H8Zm2-12a2 2 0 0 1 2 2v2h-1.5V2a.5.5 0 0 0-.5-.5H8V0h2Z\" \/>\n\t\t\t<\/svg>\n\t\t<\/button><figcaption class=\"wp-element-caption\">Noomi Tuikkalan kilpailuty\u00f6<\/figcaption><\/figure>\n<\/div>\n\n\n\n<div class=\"wp-block-column is-layout-flow wp-block-column-is-layout-flow\">\n<figure data-wp-context=\"{&quot;imageId&quot;:&quot;69d0c154a6fc4&quot;}\" data-wp-interactive=\"core\/image\" data-wp-key=\"69d0c154a6fc4\" class=\"wp-block-image size-large is-resized wp-lightbox-container\"><img loading=\"lazy\" decoding=\"async\" width=\"500\" height=\"500\" data-wp-class--hide=\"state.isContentHidden\" data-wp-class--show=\"state.isContentVisible\" data-wp-init=\"callbacks.setButtonStyles\" data-wp-on--click=\"actions.showLightbox\" data-wp-on--load=\"callbacks.setButtonStyles\" data-wp-on-window--resize=\"callbacks.setButtonStyles\" src=\"https:\/\/www.hankasalmenkotiseutuyhdistys.fi\/wp-content\/uploads\/noomiverttiriinavenho-500x500.jpg\" alt=\"\" class=\"wp-image-2662\" style=\"aspect-ratio:1;object-fit:cover;width:400px\" srcset=\"https:\/\/www.hankasalmenkotiseutuyhdistys.fi\/wp-content\/uploads\/noomiverttiriinavenho-500x500.jpg 500w, https:\/\/www.hankasalmenkotiseutuyhdistys.fi\/wp-content\/uploads\/noomiverttiriinavenho-400x400.jpg 400w, https:\/\/www.hankasalmenkotiseutuyhdistys.fi\/wp-content\/uploads\/noomiverttiriinavenho-768x768.jpg 768w, https:\/\/www.hankasalmenkotiseutuyhdistys.fi\/wp-content\/uploads\/noomiverttiriinavenho-510x510.jpg 510w, https:\/\/www.hankasalmenkotiseutuyhdistys.fi\/wp-content\/uploads\/noomiverttiriinavenho.jpg 1200w\" sizes=\"auto, (max-width: 500px) 100vw, 500px\" \/><button\n\t\t\tclass=\"lightbox-trigger\"\n\t\t\ttype=\"button\"\n\t\t\taria-haspopup=\"dialog\"\n\t\t\taria-label=\"Suurenna\"\n\t\t\tdata-wp-init=\"callbacks.initTriggerButton\"\n\t\t\tdata-wp-on--click=\"actions.showLightbox\"\n\t\t\tdata-wp-style--right=\"state.imageButtonRight\"\n\t\t\tdata-wp-style--top=\"state.imageButtonTop\"\n\t\t>\n\t\t\t<svg xmlns=\"http:\/\/www.w3.org\/2000\/svg\" width=\"12\" height=\"12\" fill=\"none\" viewBox=\"0 0 12 12\">\n\t\t\t\t<path fill=\"#fff\" d=\"M2 0a2 2 0 0 0-2 2v2h1.5V2a.5.5 0 0 1 .5-.5h2V0H2Zm2 10.5H2a.5.5 0 0 1-.5-.5V8H0v2a2 2 0 0 0 2 2h2v-1.5ZM8 12v-1.5h2a.5.5 0 0 0 .5-.5V8H12v2a2 2 0 0 1-2 2H8Zm2-12a2 2 0 0 1 2 2v2h-1.5V2a.5.5 0 0 0-.5-.5H8V0h2Z\" \/>\n\t\t\t<\/svg>\n\t\t<\/button><figcaption class=\"wp-element-caption\">Kuvassa edess\u00e4 vasemmalla Noomi Tuikkala, takana Katriina Oksanen, oikealla edess\u00e4 Vertti Lievonen, keskell\u00e4 Rina R\u00e4m\u00f6 ja Venho Mykk\u00e4nen. Takana oik. kunnanjohtaja M\u00e4tti M\u00e4kinen.<\/figcaption><\/figure>\n<\/div>\n<\/div>\n","protected":false},"excerpt":{"rendered":"<p>Vuonna 2023\u201324 j\u00e4rjestettiin lapsille ja nuorille Hankasalmi-neulekisa. Voittajaty\u00f6ksi valikoitui 11-vuotiaan Noomi Tuikkalan sukkamalli, jonka ohjeen voit ladata alla olevasta linkist\u00e4. Sukat on neulonut Katriina Oksanen. Kisassa palkittiin my\u00f6s 11-vuotiaat Vertti Lievonen ja Rina R\u00e4m\u00f6 Niemiesj\u00e4rven koulusta sek\u00e4 Venho Mykk\u00e4nen Kuuhankaveden koulusta. Lataa ohje t\u00e4st\u00e4.<\/p>\n","protected":false},"author":1,"featured_media":0,"parent":0,"menu_order":0,"comment_status":"closed","ping_status":"closed","template":"","meta":{"footnotes":""},"class_list":["post-2655","page","type-page","status-publish","czr-hentry"],"aioseo_notices":[],"_links":{"self":[{"href":"https:\/\/www.hankasalmenkotiseutuyhdistys.fi\/index.php?rest_route=\/wp\/v2\/pages\/2655","targetHints":{"allow":["GET"]}}],"collection":[{"href":"https:\/\/www.hankasalmenkotiseutuyhdistys.fi\/index.php?rest_route=\/wp\/v2\/pages"}],"about":[{"href":"https:\/\/www.hankasalmenkotiseutuyhdistys.fi\/index.php?rest_route=\/wp\/v2\/types\/page"}],"author":[{"embeddable":true,"href":"https:\/\/www.hankasalmenkotiseutuyhdistys.fi\/index.php?rest_route=\/wp\/v2\/users\/1"}],"replies":[{"embeddable":true,"href":"https:\/\/www.hankasalmenkotiseutuyhdistys.fi\/index.php?rest_route=%2Fwp%2Fv2%2Fcomments&post=2655"}],"version-history":[{"count":13,"href":"https:\/\/www.hankasalmenkotiseutuyhdistys.fi\/index.php?rest_route=\/wp\/v2\/pages\/2655\/revisions"}],"predecessor-version":[{"id":2671,"href":"https:\/\/www.hankasalmenkotiseutuyhdistys.fi\/index.php?rest_route=\/wp\/v2\/pages\/2655\/revisions\/2671"}],"wp:attachment":[{"href":"https:\/\/www.hankasalmenkotiseutuyhdistys.fi\/index.php?rest_route=%2Fwp%2Fv2%2Fmedia&parent=2655"}],"curies":[{"name":"wp","href":"https:\/\/api.w.org\/{rel}","templated":true}]}}